{"id":10898,"date":"2018-01-03T14:05:51","date_gmt":"2018-01-03T14:05:51","guid":{"rendered":"http:\/\/ais.al\/new\/?page_id=10898"},"modified":"2021-11-19T13:18:04","modified_gmt":"2021-11-19T12:18:04","slug":"ftese-per-praktike-studentore-student-ne-informatike-ekonomike","status":"publish","type":"page","link":"https:\/\/ais.al\/new\/ftese-per-praktike-studentore-student-ne-informatike-ekonomike\/","title":{"rendered":"Ftes\u00eb p\u00ebr Praktik\u00eb Studentore, Student n\u00eb Informatik\u00eb Ekonomike"},"content":{"rendered":"<p align=\"left\"><strong>Ftes\u00eb p\u00ebr Praktik\u00eb Studentore, Student n\u00eb Informatik\u00eb Ekonomike<\/strong><\/p>\n<p style=\"color: #222222; font-family: 'Helvetica Neue',Helvetica,Arial,sans-serif; font-weight: normal; text-align: justify; line-height: 20px; font-size: 12px; margin: 0px 0px 20px; padding: 0px;\" align=\"left\">Instituti\u00a0Shqiptar i\u00a0Shkencave promotor i standardit <em>Open Data<\/em>, fton student\u00ebt e Deg\u00ebs s\u00eb Informatik\u00ebs Ekonomike (Master), t\u00eb interesuar p\u00ebr t\u00eb b\u00ebr\u00eb praktik\u00eb pune t\u00eb konsiderojn\u00eb mund\u00ebsin\u00eb e aplikimit pran\u00eb organizat\u00ebs son\u00eb. Kjo praktik\u00eb m\u00ebsimore ju jep mund\u00ebsin\u00eb t\u00eb praktikoni dhe forconi njohuri m\u00eb t\u00eb mira n\u00eb p\u00ebrdorimin e databazave n\u00eb <em>MYSQL<\/em> (dhe <em>QUERY<\/em>), gjithashtu platformat <em>MVC<\/em> dhe <em>Laravel Zend Framework<\/em>.<\/p>\n<p style=\"color: #222222; font-family: 'Helvetica Neue',Helvetica,Arial,sans-serif; font-weight: normal; text-align: justify; line-height: 20px; font-size: 12px; margin: 0px 0px 20px; padding: 0px;\" align=\"left\">Praktika e pun\u00ebs parashikon edhe mund\u00ebsi pun\u00ebsimi pas p\u00ebrfundimit t\u00eb saj. T\u00eb interesuarit t\u00eb d\u00ebrgojn\u00eb nj\u00eb <em>email<\/em> t\u00eb shkurt\u00ebr n\u00eb adres\u00ebn <a href=\"mailto:info@ais.al\">info@ais.al<\/a> . Titulli i <em>emalit<\/em> duhet t\u00eb jet\u00eb <em>Aplikim p\u00ebr Praktik\u00eb Pune pran\u00eb Institutit<\/em>. N\u00eb <em>email<\/em> duhet t\u00eb shpjegoni pse jeni t\u00eb interesuar, \u00e7far\u00eb eksperiencash profesionale apo studentore keni dhe cila \u00ebsht\u00eb mesatarja juaj aktuale.\u00a0 Instituti ka parashikuar edhe plot\u00ebsimin e formularit t\u00eb vler\u00ebsimit dhe \u00e7do dokumentacion tjet\u00ebr p\u00ebr student\u00ebt q\u00eb do t\u00eb realizojn\u00eb praktik\u00eb studentore pran\u00eb nesh.<\/p>\n","protected":false},"excerpt":{"rendered":"<p>Ftes\u00eb p\u00ebr Praktik\u00eb Studentore, Student n\u00eb Informatik\u00eb Ekonomike Instituti\u00a0Shqiptar i\u00a0Shkencave promotor i standardit Open Data, fton student\u00ebt e Deg\u00ebs s\u00eb Informatik\u00ebs Ekonomike (Master), t\u00eb interesuar p\u00ebr t\u00eb b\u00ebr\u00eb praktik\u00eb pune t\u00eb konsiderojn\u00eb mund\u00ebsin\u00eb e aplikimit pran\u00eb organizat\u00ebs son\u00eb. Kjo praktik\u00eb m\u00ebsimore ju jep mund\u00ebsin\u00eb t\u00eb praktikoni dhe forconi njohuri m\u00eb t\u00eb mira n\u00eb p\u00ebrdorimin e [&hellip;]<\/p>\n","protected":false},"author":1,"featured_media":0,"parent":0,"menu_order":0,"comment_status":"closed","ping_status":"closed","template":"","meta":{"_bbp_topic_count":0,"_bbp_reply_count":0,"_bbp_total_topic_count":0,"_bbp_total_reply_count":0,"_bbp_voice_count":0,"_bbp_anonymous_reply_count":0,"_bbp_topic_count_hidden":0,"_bbp_reply_count_hidden":0,"_bbp_forum_subforum_count":0,"footnotes":""},"class_list":["post-10898","page","type-page","status-publish","hentry"],"_links":{"self":[{"href":"https:\/\/ais.al\/new\/wp-json\/wp\/v2\/pages\/10898","targetHints":{"allow":["GET"]}}],"collection":[{"href":"https:\/\/ais.al\/new\/wp-json\/wp\/v2\/pages"}],"about":[{"href":"https:\/\/ais.al\/new\/wp-json\/wp\/v2\/types\/page"}],"author":[{"embeddable":true,"href":"https:\/\/ais.al\/new\/wp-json\/wp\/v2\/users\/1"}],"replies":[{"embeddable":true,"href":"https:\/\/ais.al\/new\/wp-json\/wp\/v2\/comments?post=10898"}],"version-history":[{"count":10,"href":"https:\/\/ais.al\/new\/wp-json\/wp\/v2\/pages\/10898\/revisions"}],"predecessor-version":[{"id":165429,"href":"https:\/\/ais.al\/new\/wp-json\/wp\/v2\/pages\/10898\/revisions\/165429"}],"wp:attachment":[{"href":"https:\/\/ais.al\/new\/wp-json\/wp\/v2\/media?parent=10898"}],"curies":[{"name":"wp","href":"https:\/\/api.w.org\/{rel}","templated":true}]}}