{"id":296529,"date":"2021-09-21T12:20:10","date_gmt":"2021-09-21T11:20:10","guid":{"rendered":"http:\/\/ais.al\/new\/?page_id=296529"},"modified":"2024-02-27T20:47:38","modified_gmt":"2024-02-27T19:47:38","slug":"rregullore-e-brendshme-2021","status":"publish","type":"page","link":"https:\/\/ais.al\/new\/rregullore-e-brendshme-2021\/","title":{"rendered":"Rregullore e Brendshme &#8211; AIS"},"content":{"rendered":"<div class=\"flex_column av_one_full  flex_column_div av-zero-column-padding first  avia-builder-el-0  avia-builder-el-no-sibling  \" style='border-radius:0px; '><p><div style='padding-bottom:10px; font-size:23px;' class='av-special-heading av-special-heading-h3  blockquote modern-quote modern-centered  avia-builder-el-1  el_before_av_heading  avia-builder-el-first   av-inherit-size '><h3 class='av-special-heading-tag '  itemprop=\"headline\"  >RREGULLORE<\/h3><div class='special-heading-border'><div class='special-heading-inner-border' ><\/div><\/div><\/div><br \/>\n<div style='padding-bottom:10px; font-size:20px;' class='av-special-heading av-special-heading-h4  blockquote classic-quote  avia-builder-el-2  el_after_av_heading  el_before_av_textblock   av-inherit-size '><h4 class='av-special-heading-tag '  itemprop=\"headline\"  >Data 20 Shtator 2021<\/h4><div class='special-heading-border'><div class='special-heading-inner-border' ><\/div><\/div><\/div><br \/>\n<section class=\"av_textblock_section \"  itemscope=\"itemscope\" itemtype=\"https:\/\/schema.org\/CreativeWork\" ><div class='avia_textblock  '   itemprop=\"text\" ><p>Instituti Shqiptar i Shkencave (AIS), \u00ebsht\u00eb organizat\u00eb jofitimprur\u00ebse, e regjistruar n\u00eb p\u00ebrputhje me legjislacionin n\u00eb Republik\u00ebn e Shqip\u00ebris\u00eb, themeluar n\u00eb dat\u00ebn <em>28. 03. 2011<\/em> me Vendim Nr. <em>3048 <\/em>t\u00eb\u00a0 Gjykat\u00ebs s\u00eb rrethit t\u00eb Tiran\u00ebs, me num\u00ebr Fiskal <em>\u00a0<\/em>(NIPT) L11529451L, dhe adres\u00eb <em>Asim Vokshi Pallati 13\/25 Kati 3<\/em>, Tirana, Albania.<\/p>\n<p>Hierarkia e Rregullave: Organizata gjat\u00eb aktivitetit t\u00eb saj, menaxhimit Financiar dhe Evidentimit Kontab\u00ebl udh\u00ebhiqet nga Parimet e sjelljes s\u00eb Mir\u00eb, Legjislacionit Shqiptar; Rregullore t\u00eb Organizat\u00ebs; Rregullore t\u00eb Zbatimit t\u00eb Projekteve dhe Kontratave, dhe n\u00eb finale nga Rekomandime dhe Udh\u00ebzime t\u00eb Organeve Drejtuese dhe Auditit Ligjor. P\u00ebr \u00e7do aspekt t\u00eb menaxhimit financiar\u00eb apo evidenc\u00ebs kontab\u00ebl t\u00eb parregulluar nga Legjislacioni, Rregullore t\u00eb Brendshme, Rregullore p\u00ebr Zbatim Projekti apo Rekomandime nga Audituesit, Organizata referohet tek Praktika e Mir\u00eb dhe Parime t\u00eb Eficens\u00ebs.<\/p>\n<p>Rregulloren e plot\u00eb n\u00eb fuqi e gjeni <strong><a style=\"color: #0000ff;\" href=\"http:\/\/ais.al\/new\/wp-content\/uploads\/RREGULLORE-E-MENAXHIMIT-FINANCIAR-J-EVIDENCES-KONTABEL-J-BURIMEVE-NJEREZORE-J-SJELLJEVE-TE-MIRA-DHE-ETIKES.pdf\">K\u00ebtu<\/a><\/strong>.<\/p>\n<\/div><\/section><br \/>\n<section class=\"av_textblock_section \"  itemscope=\"itemscope\" itemtype=\"https:\/\/schema.org\/CreativeWork\" ><div class='avia_textblock  '   itemprop=\"text\" ><p>Rregulloren e brend\u00ebshme 2019 e shfuqizuar <strong><a style=\"color: #0000ff;\" href=\"http:\/\/ais.al\/new\/rregullore-e-brendshme-2019\/\">K\u00ebtu<\/a><\/strong>.<\/p>\n<\/div><\/section><br \/>\n<section class=\"av_textblock_section \"  itemscope=\"itemscope\" itemtype=\"https:\/\/schema.org\/CreativeWork\" ><div class='avia_textblock  '   itemprop=\"text\" ><p>Rregulloren e brend\u00ebshme 2015 e shfuqizuar <strong><a style=\"color: #0000ff;\" href=\"http:\/\/ais.al\/new\/rregullore-e-brendshme-mbi-furnizime-prokurime-dhe-shitje\/\">K\u00ebtu<\/a><\/strong>.<\/p>\n<\/div><\/section><\/p><\/div>\n","protected":false},"excerpt":{"rendered":"","protected":false},"author":1,"featured_media":0,"parent":0,"menu_order":0,"comment_status":"closed","ping_status":"closed","template":"","meta":{"_bbp_topic_count":0,"_bbp_reply_count":0,"_bbp_total_topic_count":0,"_bbp_total_reply_count":0,"_bbp_voice_count":0,"_bbp_anonymous_reply_count":0,"_bbp_topic_count_hidden":0,"_bbp_reply_count_hidden":0,"_bbp_forum_subforum_count":0,"footnotes":""},"class_list":["post-296529","page","type-page","status-publish","hentry"],"_links":{"self":[{"href":"https:\/\/ais.al\/new\/wp-json\/wp\/v2\/pages\/296529","targetHints":{"allow":["GET"]}}],"collection":[{"href":"https:\/\/ais.al\/new\/wp-json\/wp\/v2\/pages"}],"about":[{"href":"https:\/\/ais.al\/new\/wp-json\/wp\/v2\/types\/page"}],"author":[{"embeddable":true,"href":"https:\/\/ais.al\/new\/wp-json\/wp\/v2\/users\/1"}],"replies":[{"embeddable":true,"href":"https:\/\/ais.al\/new\/wp-json\/wp\/v2\/comments?post=296529"}],"version-history":[{"count":8,"href":"https:\/\/ais.al\/new\/wp-json\/wp\/v2\/pages\/296529\/revisions"}],"predecessor-version":[{"id":571365,"href":"https:\/\/ais.al\/new\/wp-json\/wp\/v2\/pages\/296529\/revisions\/571365"}],"wp:attachment":[{"href":"https:\/\/ais.al\/new\/wp-json\/wp\/v2\/media?parent=296529"}],"curies":[{"name":"wp","href":"https:\/\/api.w.org\/{rel}","templated":true}]}}